ase 2, what is 110111110000101 + 1101?
110111110010010
In base 10, what is -321 + 24?
-297
In base 13, what is -1b9990 + 4?
-1b9989
In base 8, what is -3201 - 1?
-3202
In base 7, what is -4 - 510526?
-510533
In base 10, what is 35375 + -10?
35365
In base 5, what is -12 + -41?
-103
In base 2, what is 11010100 - -101010?
11111110
In base 14, what is -4 - 43132?
-43136
In base 7, what is 41440 - -51?
41521
In base 6, what is -1545 - 14151?
-20140
In base 9, what is -13 + -8513?
-8526
In base 11, what is -a940a7 - -4?
-a940a3
In base 5, what is -4 - 1121211?
-1121220
In base 3, what is 11002012 - -12?
11002101
In base 10, what is -420 - -97?
-323
In base 4, what is -10022 - -3020?
-1002
In base 12, what is 13a80 + 1?
13a81
In base 8, what is 14402 + 47?
14451
In base 4, what is 10222 - -2313?
13201
In base 3, what is 110110100222 + -1?
110110100221
In base 4, what is -11130 + -12031?
-23221
In base 7, what is -344062 + 0?
-344062
In base 8, what is -2154213 - -2?
-2154211
In base 10, what is -14655 - -10?
-14645
In base 4, what is 30 - 1012311?
-1012221
In base 10, what is -784423 - -5?
-784418
In base 16, what is -11 - 356?
-367
In base 8, what is 27777 - -201?
30200
In base 14, what is 7dc + -ac?
730
In base 16, what is 0 + -4b6?
-4b6
In base 8, what is 11 + 223452?
223463
In base 8, what is -12 - -1337?
1325
In base 6, what is -1 + -50541?
-50542
In base 14, what is 755 + 8?
75d
In base 9, what is 7181 + 213?
7404
In base 4, what is -2012 + 20010?
11332
In base 8, what is -336 - 31332?
-31670
In base 16, what is 1ac98 - 0?
1ac98
In base 10, what is 74 - -37359?
37433
In base 4, what is 22113 + 22001?
110120
In base 4, what is -2001 - -21322?
13321
In base 13, what is -143461 - 4?
-143465
In base 5, what is -104 + 33232?
33123
In base 7, what is -250 - 1230?
-1510
In base 10, what is 446 - -6?
452
In base 14, what is 4 + 5b79?
5b7d
In base 8, what is 2 - 27340?
-27336
In base 7, what is -44322 + 2?
-44320
In base 3, what is -20220020210 + 12?
-20220020121
In base 5, what is 2022003 + 4?
2022012
In base 5, what is 1014022 - 1140?
1012332
In base 11, what is 2 + -6898?
-6896
In base 3, what is 11212002222 - 11?
11212002211
In base 9, what is -4685 + -121?
-4816
In base 2, what is -1000011 + 1110000110111?
1101111110100
In base 7, what is 3 + -1262353?
-1262350
In base 8, what is 13 - -22470?
22503
In base 8, what is -1 - 2552203?
-2552204
In base 8, what is 5373 + 262?
5655
In base 6, what is 255214 + 2?
255220
In base 15, what is -b1 - 1e1d?
-1ece
In base 2, what is -10010 - 1100100111?
-1100111001
In base 7, what is 5345555 + 3?
5345561
In base 15, what is 865a + -58?
8602
In base 15, what is 562d9 - 0?
562d9
In base 4, what is -1320 - -113022?
111102
In base 7, what is 16005 - -56?
16064
In base 13, what is -38 - 10?
-48
In base 5, what is -240042231 + -10?
-240042241
In base 2, what is -111011 - 101110010110?
-101111010001
In base 15, what is -13 - -1dd0?
1dbc
In base 5, what is 30 - 1442?
-1412
In base 4, what is 110110113 - 2?
110110111
In base 13, what is -88 - 129?
-1b4
In base 2, what is 10111001111101 - -100?
10111010000001
In base 7, what is 23410 - 161?
23216
In base 11, what is 2102 - 329?
1884
In base 11, what is -9405 + 10?
-93a5
In base 12, what is -5578 - 5?
-5581
In base 16, what is -355 + 150?
-205
In base 10, what is 3 + 998933?
998936
In base 7, what is -44 + -104?
-151
In base 10, what is 42648 + 5?
42653
In base 5, what is -3 + -13123424?
-13123432
In base 15, what is 171 + -3b5?
-244
In base 10, what is 81 - 13039?
-12958
In base 10, what is 106 - 7677?
-7571
In base 13, what is -45b - -118?
-343
In base 3, what is -20212202 - -2201?
-20210001
In base 11, what is 0 - -111204?
111204
In base 8, what is 5 - -7763?
7770
In base 10, what is -32155 - -4?
-32151
In base 10, what is 4325 + -79?
4246
In base 16, what is c9847 + -5?
c9842
In base 4, what is -11 - -111002?
110331
In base 9, what is 10802 + -20?
10772
In base 4, what is 1211 - 2321?
-1110
In base 13, what is -10408 + 0?
-10408
In base 2, what is -1000111000 - 1001001?
-1010000001
In base 2, what is -10100111010111111010 + 1?
-10100111010111111001
In base 7, what is -45 - -32122?
32044
In base 5, what is 210 - -1000421?
1001131
In base 12, what is -14624 + -7?
-1462b
In base 14, what is -10 - 7a2?
-7b2
In base 8, what is -2412 - 336?
-2750
In base 14, what is 1 + 322b?
322c
In base 12, what is 10470 - 4?
10468
In base 13, what is 5 - 53a1?
-5399
In base 6, what is 45 - -124?
213
In base 10, what is -19938 + -34?
-19972
In base 7, what is -1605 - -2?
-1603
In base 7, what is 300 - 133410?
-133110
In base 13, what is 3 - 5774?
-5771
In base 7, what is -24411432 - 3?
-24411435
In base 14, what is 1817 + -8c?
1769
In base 4, what is -111101133 - 0?
-111101133
In base 4, what is -122230302 + 0?
-122230302
In base 14, what is 3 + -18c5?
-18c2
In base 2, what is -11110101 - 100111001010?
-101010111111
In base 16, what is -13 - 101a?
-102d
In base 2, what is -110 - -1100101?
1011111
In base 14, what is -1440 + 9?
-1435
In base 10, what is 2 + 47883?
47885
In base 16, what is 30 - 1b6?
-186
In base 11, what is -9 - 10a6?
-1104
In base 3, what is -12 + -20112002?
-20112021
In base 15, what is -14b - 6?
-152
In base 10, what is -83 - -12540?
12457
In base 10, what is 48 - 1094?
-1046
In base 7, what is 1 + 1162610?
1162611
In base 16, what is -31bca + -3?
-31bcd
In base 6, what is -523325 - -1?
-523324
In base 12, what is 37757b - -4?
377583
In base 6, what is 3 - 245223?
-245220
In base 13, what is 4ac + 45?
524
In base 3, what is -100202020 - 201?
-100202221
In base 13, what is 557654 - 4?
557650
In base 8, what is -33432 - 1?
-33433
In base 7, what is -3 - -1316050?
1316044
In base 9, what is 8088 - 12?
8076
In base 7, what is 3016 + 15?
3034
In base 7, what is 1030246 - -4?
1030253
In base 12, what is -20 - -1a02?
19a2
In base 15, what is 1 - 3599?
-3598
In base 5, what is 11124040 + 2?
11124042
In base 14, what is -1 + -83d3b?
-83d3c
In base 15, what is -2376cd - -5?
-2376c8
In base 4, what is 3212 - 21?
3131
In base 6, what is 244 - -3542?
4230
In base 16, what is 18f19 - 5?
18f14
In base 5, what is 440044 - 14?
440030
In base 7, what is 21 - -2064?
2115
In base 2, what is 1101110111100 - -10100?
1101111010000
In base 6, what is -1104451 - -5?
-1104442
In base 7, what is -10 + 102450?
102440
In base 7, what is 11343 - 140?
11203
In base 6, what is -1322 + -1220?
-2542
In base 14, what is -4 - -21cc?
21c8
In base 7, what is 3 - 1220035?
-1220032
In base 11, what is -119 - -129?
10
In base 12, what is -4b1 + 54?
-459
In base 11, what is 33 - -3886?
3909
In base 2, what is 11001111011011010 + 1?
11001111011011011
In base 13, what is -44c1 + 1?
-44c0
In base 14, what is 1a + -1a7?
-18b
In base 13, what is -134a41b + 5?
-134a416
In base 11, what is 20773 - 4?
2076a
In base 15, what is -4 + -39342?
-39346
In base 2, what is -1110110101010110 + 101?
-1110110101010001
In base 15, what is 7179 + -4?
7175
In base 10, what is -23960 + 3?
-23957
In base 4, what is -2213023 + 112?
-2212311
In base 7, what is 101623262 + -3?
101623256
In base 3, what is 1002 - 12120001?
-12111222
In base 12, what is -4 - -3a02?
39ba
In base 6, what is -15 + -1003?
-1022
In base 5, what is -12 + -31021?
-31033
In base 15, what is 706 - 10?
6e6
In base 7, what is -21 - 20155?
-20206
In base 12, what is 73725 - -3?
73728
In base 16, what is -272a03 + -4?
-272a07
In base 14, what is -9d7 - 30?
-a27
In base 4, what is -123203333 - -3?
-123203330
In base 10, what is 3 - 198933?
-198930
In base 13, what is -13 + -16b1?
-16c4
In base 3, what is -10 + -22200001100?
-22200001110
In base 13, what is c308b + -6?
c3085
In base 8, what is 46 + -1601?
-1533
In base 6, what is -44312502 - 4?
-44312510
In base 5, what is -10 + -1024202?
-1024212
In base 10, what is -32 + 827?
795
In base 11, what is -191285 + -2?
-191287
In base 12, what is -43 + 24a5?
2462
In base 3, what is -12200122 + -11?
-12200210
In base 11, what is 89 - -272?
350
In base 14, what is -72bb - 4?
-72c1
In base 12, what is -4b858b + -1?
-4b8590
In base 16, what is -23d + 4f?
-1ee
In base 11, what is -17937 + 26?
-17911
In base 4, what is 0 - -1221010230?
1221010230
In base 9, what is -13630 + -5?
-13635
In base 13, what is -626 + 18?
-60b
In base